 3 + -333?
-330
In base 11, what is 423 - 1?
422
In base 14, what is -42d + 8?
-425
In base 2, what is 11 + -1100010?
-1011111
In base 3, what is 112 - 111?
1
In base 14, what is 3 + a2b?
a30
In base 13, what is -1cc3 + 2?
-1cc1
In base 5, what is 2 - 110?
-103
In base 12, what is -1545 + -5?
-154a
In base 4, what is 10 + 2103?
2113
In base 13, what is -2 - a02?
-a04
In base 10, what is 823 - 1?
822
In base 15, what is -157 - -c?
-14a
In base 3, what is 1122101 + -20?
1122011
In base 6, what is 2343 - 5?
2334
In base 2, what is 1010000 - 100?
1001100
In base 3, what is 10 - 2000?
-1220
In base 9, what is 3 - -12?
15
In base 6, what is 0 + 340?
340
In base 2, what is 101 + -10?
11
In base 5, what is 3 + -2240?
-2232
In base 2, what is 100 + -11010?
-10110
In base 5, what is -202 - 22?
-224
In base 15, what is -517 + -2?
-519
In base 15, what is -a - -26c?
262
In base 14, what is 3 - -18?
1b
In base 12, what is -5 - 10a?
-113
In base 13, what is 544 + -1?
543
In base 7, what is -3 + 1561?
1555
In base 9, what is -1 - -1006?
1005
In base 3, what is 100221 + 1111?
102102
In base 9, what is 2074 + 5?
2080
In base 11, what is -15 + -1?
-16
In base 7, what is 1 - -24?
25
In base 10, what is -257 - -119?
-138
In base 15, what is -c8 - 4?
-cc
In base 16, what is -65 - 1f?
-84
In base 12, what is -45 + -119?
-162
In base 4, what is -1322 - 10?
-1332
In base 4, what is 3223 - 2?
3221
In base 2, what is 1 + -110100011?
-110100010
In base 14, what is -6 + 4a?
44
In base 12, what is 371 - 1?
370
In base 13, what is 2b14 + -3?
2b11
In base 2, what is 1 + 1001101011?
1001101100
In base 3, what is 10201 + -121?
10010
In base 16, what is 7 + -64?
-5d
In base 2, what is -100 - -101010?
100110
In base 4, what is 111 + -303?
-132
In base 4, what is -223 + -213?
-1102
In base 9, what is -15 - -33?
17
In base 2, what is 10010000 - -1000?
10011000
In base 3, what is -2221 - -101?
-2120
In base 10, what is -3 + -88?
-91
In base 5, what is -1212 + -2?
-1214
In base 8, what is -5 + -626?
-633
In base 2, what is 1 - 100000000?
-11111111
In base 5, what is -412104 + 1?
-412103
In base 4, what is 12022 + 13?
12101
In base 16, what is -44f - 2?
-451
In base 3, what is -112010 - 10?
-112020
In base 6, what is 52400 - 4?
52352
In base 9, what is -1 - 1485?
-1486
In base 11, what is -313 - 6?
-319
In base 6, what is 5 + -23?
-14
In base 2, what is 11110 + 1110?
101100
In base 3, what is 110101 + 1122?
112000
In base 2, what is 110000000 + 100?
110000100
In base 14, what is 1c0b + 3?
1c10
In base 4, what is -11 - -20232?
20221
In base 11, what is -4 - -676?
672
In base 13, what is -2 + -5?
-7
In base 16, what is -2 + 585?
583
In base 4, what is -1 + -12221?
-12222
In base 16, what is 5c7 - -2?
5c9
In base 2, what is -11 - -11?
0
In base 13, what is -261 + 6?
-258
In base 15, what is -3 + 32?
2e
In base 9, what is 113 - -1?
114
In base 12, what is -1 + 12b?
12a
In base 12, what is -b0 - -1?
-ab
In base 2, what is -1010010010 - 100?
-1010010110
In base 9, what is 11031 + -5?
11025
In base 14, what is -22 - 8b?
-ad
In base 13, what is -5 + 307?
302
In base 11, what is 3 + 274a?
2752
In base 6, what is -2 + 504?
502
In base 12, what is -7 + -2746?
-2751
In base 8, what is 2 + -11?
-7
In base 7, what is 3 + 6?
12
In base 2, what is 1000100010010 + -1?
1000100010001
In base 14, what is 3 + 42?
45
In base 13, what is -4b + -7?
-55
In base 16, what is 5 + -85?
-80
In base 8, what is -6 + -14?
-22
In base 2, what is -10110 - 10?
-11000
In base 13, what is 1 + 1a5?
1a6
In base 11, what is 68 - -3?
70
In base 10, what is 2 + -40?
-38
In base 10, what is 7 + -44?
-37
In base 11, what is 37 + 10?
47
In base 14, what is c1 + 4?
c5
In base 11, what is 5 - -2406?
2410
In base 13, what is 12a - 15?
115
In base 11, what is 734 + 13?
747
In base 3, what is 200000101 - -11?
200000112
In base 10, what is 22563 - -5?
22568
In base 16, what is -55e5 + 1?
-55e4
In base 13, what is 9 - 755?
-749
In base 10, what is -5337 + -3?
-5340
In base 9, what is 66 - 3?
63
In base 6, what is 3 + -2541?
-2534
In base 7, what is -5531 + -3?
-5534
In base 16, what is 56 - -c?
62
In base 14, what is -5 - 6c3?
-6c8
In base 15, what is 30 - 16?
19
In base 10, what is -1 + 52?
51
In base 9, what is -3 + 715?
712
In base 2, what is 111001111000 - 10?
111001110110
In base 12, what is 20 - 16a?
-14a
In base 15, what is 1 - -13c?
13d
In base 13, what is -3 - a5?
-a8
In base 15, what is 14 + 3?
17
In base 2, what is -100 + 111110?
111010
In base 6, what is -21 - 32?
-53
In base 10, what is 87 + -45?
42
In base 10, what is -5 - 61?
-66
In base 13, what is 1c8 - 5?
1c3
In base 12, what is 9 + -18?
-b
In base 6, what is -301 + 0?
-301
In base 10, what is -1 - 161?
-162
In base 8, what is 213 + 23?
236
In base 2, what is -1101111 + -10?
-1110001
In base 10, what is 100 + 2?
102
In base 12, what is -5 - -40?
37
In base 16, what is 18 + 6?
1e
In base 7, what is -1 - 6?
-10
In base 6, what is 0 - 2021?
-2021
In base 16, what is -3c - -7?
-35
In base 2, what is -100 + 111111?
111011
In base 6, what is 3 + 2443?
2450
In base 2, what is -111 + 10111?
10000
In base 7, what is -146 - -4?
-142
In base 9, what is -1 - -116?
115
In base 4, what is -1112031 + -3?
-1112100
In base 16, what is -5 + -a?
-f
In base 3, what is -10102020 - 2?
-10102022
In base 15, what is -2 - 17?
-19
In base 16, what is -3 + 48?
45
In base 4, what is -20 - 211?
-231
In base 6, what is 14 - -32?
50
In base 11, what is -4 - 1a9?
-202
In base 13, what is -6 + -b?
-14
In base 5, what is 13 - -2?
20
In base 4, what is 212222 - -11?
212233
In base 6, what is -2 - -44?
42
In base 3, what is 212111 - 0?
212111
In base 11, what is 51 - 5?
47
In base 9, what is -2 - 140?
-142
In base 14, what is 3 + -85?
-82
In base 4, what is 21120013 + 2?
21120021
In base 5, what is -413 - -2?
-411
In base 12, what is -17 + 5?
-12
In base 14, what is 72 + 2?
74
In base 8, what is 35 + -3?
32
In base 11, what is 115 + -6?
10a
In base 15, what is 1e + 22a?
249
In base 14, what is 6 - -3c?
44
In base 4, what is 100 - -13?
113
In base 13, what is -470 + 4?
-469
In base 6, what is 2 - -540?
542
In base 5, what is 3 + 410?
413
In base 9, what is -34 + -2?
-36
In base 2, what is 1 - 11000101?
-11000100
In base 16, what is -27e + 0?
-27e
In base 9, what is 2 - 242?
-240
In base 15, what is 0 - -7e3?
7e3
In base 12, what is 1 + -249?
-248
In base 6, what is 23 + -5?
14
In base 4, what is 10 + -20210?
-20200
In base 3, what is -1100020 - 12?
-1100102
In base 10, what is 1 + -38?
-37
In base 12, what is -4b + 6a?
1b
In base 16, what is -8 + -49?
-51
In base 13, what is 11 - -31?
42
In base 16, what is -2d + 30?
3
In base 15, what is 2 - 6c6?
-6c4
In base 10, what is 3 + -57?
-54
In base 14, what is 40d + 3?
412
In base 5, what is 420 - -10?
430
In base 6, what is 3 - 32?
-25
In base 13, what is -91 - -4?
-8a
In base 13, what is -501c - 3?
-5022
In base 5, what is -23 - 12?
-40
In base 3, what is -10 - -1210?
1200
In base 9, what is -271 - 4?
-275
In base 2, what is 11000 - 11011?
-11
In base 3, what is 10102 - -100?
10202
In base 5, what is 3 + 244?
302
In base 12, what is 6a0 - 3?
699
In base 11, what is -4 + 0?
-4
In base 2, what is 100000 + 0?
100000
In base 12, what is 74 - -5?
79
In base 10, what is 47 + 5?
52
In base 13, what is 868 + 3?
86b
In base 5, what is 11302 - -12?
11314
In base 7, what is -145 + 30?
-115
In base 4, what is -2 - 132223?
-132231
In base 10, what is -809 + 0?
-809
In base 15, what is -98 + 83?
-15
In base 9, what is 136 + -2?
134
In base 9, what is 47 + 11?
58
In base 6, what is 225 - -4?
233
In base 5, what is -11 + -2143?
-2204
In base 8, what is -740 + 1?
-737
In base 9, what is -716 - -4?
-712
In base 2, what is 10111011 - -1010?
11000101
In base 11, what is -3 + -303?
-306
In base 13, what is 4a + -6c?
-22
In base 7, what is -156312 + 1?
-156311
In base 14, what is b49 - 3?
b46
In base 15, what is 8 + -2?
6
In base 8, what is -121 - -12?
-107
In base 14, what is -3 - -24?
21
In base 8, what is 160 - 120?
40
In base 7, what is -41 + -1?
-42
In base 4, what is 10300 + -30?
10210
In base 11, what is -311 - 0?
-311
In base 9, what is -112 + -10?
-122
In base 15, what is 3 + 78?
7b
In base 6, what is -2 - -12041?
12035
In base 14, what is 4 - 8bd?
-8b9
In base 9, 